What are the prime factors of o?
5
Suppose 0 = -b - a + 1, 3*b + 3 - 11 = 2*a. Suppose -b*r = 2*r + 40. Let d(m) = m**2 + 3*m - 2. List the prime factors of d(r).
2, 17
Suppose -4*s + 4*k = 7*k - 1469, s - 5*k = 350. List the prime factors of s.
5, 73
Suppose -2330 = -3*y + 5*h, 6*y - 3*h = 7*y - 772. What are the prime factors of y?
5, 31
Suppose -3*q - 871 = -2*w, q - 5*q = -4*w + 1736. What are the prime factors of w?
431
Let q(g) = -73*g - 6. Let u(j) = -j - 1. Let v(y) = q(y) - 5*u(y). List the prime factors of v(-1).
67
List the prime factors of (-37)/333 + 8138/18.
2, 113
Suppose 4165 = 5*g - 0*g + 2*v, 0 = 2*g - 4*v - 1642. What are the prime factors of g?
3, 277
Let y(g) = -g**3 + 4*g**2 - 5. Let p be y(3). Suppose 0 = p*v + 5*z - 309, 2*v - 370 = -3*v - 3*z. List the prime factors of v.
71
Let n = -544 - -1652. List the prime factors of n.
2, 277
Suppose 2*v - 2011 = 3*r, -v + 23*r - 22*r + 1007 = 0. What are the prime factors of v?
2, 5, 101
Suppose -2*x + 4*s + s = -11, -5*x = -2*s - 17. Let r be (x - 2)/((-3)/(-126)). Suppose r = j - 2*d, -3*j = -d - 47 - 69. List the prime factors of j.
2, 19
Let t(n) = 24*n**2 - 40*n + 12. What are the prime factors of t(6)?
2, 3, 53
Suppose 1506 = 3*j - 681. List the prime factors of j.
3
Let k(x) = -x**2 + 9*x + 4. Let n be k(9). Suppose 52 = s - c + 6*c, -3*c + 157 = n*s. What are the prime factors of s?
37
Let a be ((-1)/1)/((-16)/80). Suppose a*z - 2*g = 72, 3*z + 0*g - 4*g - 46 = 0. List the prime factors of 1/(-2)*-4 + z.
2
Suppose 0 = x - 2*s - 107, -s + 246 = 2*x + 3*s. Suppose 5*i + 120 = 2*h, 5*h - 4*i + 14 - 314 = 0. Suppose 0 = -5*p + x + h. What are the prime factors of p?
5, 7
Suppose 3*b = -231 - 96. Let f = 192 + b. What are the prime factors of f?
83
Let k(w) = 2*w**2 + 5*w + 1. Let h be k(-3). What are the prime factors of (-222)/(-16) + h/32?
2, 7
Let q(f) = -f + 7. Let j be q(-11). Suppose -d - d + l + 7 = 0, j = 5*d - 2*l. Let k(x) = -x**3 + 7*x**2 - 4*x - 3. List the prime factors of k(d).
29
Suppose -12*z = 2*z - 2058. List the prime factors of z.
3, 7
List the prime factors of (96/(-60))/((-2)/(-10))*-524.
2, 131
Let q = -969 - -3861. List the prime factors of q.
2, 3, 241
Let w(p) = p - 17. Let l be w(17). List the prime factors of (l - (-12)/(-4)) + (142 - 1).
2, 3, 23
Let v(o) = 2*o**3 - 3*o**2 + 2*o + 2. Suppose 0 = d - 2. Let z be v(d). List the prime factors of (-40)/12*(-126)/z.
2, 3, 7
Let g = -135 - -137. Suppose -108 - 16 = -g*z. List the prime factors of z.
2, 31
Suppose -4*d + 5*d - 16 = -5*z, 3 = 3*d. Suppose 32 = z*h - 154. What are the prime factors of h?
2, 31
Suppose -68 = -3*v + 4*v. Let m = -73 + 41. Let a = m - v. What are the prime factors of a?
2, 3
Let f(i) be the second derivative of -5/12*i**4 + 0 - 1/20*i**5 - 1/6*i**3 + 2*i - i**2. What are the prime factors of f(-5)?
3
Let i = 29 + -29. Suppose i = 13*m - 7*m - 474. List the prime factors of m.
79
What are the prime factors of 1138 + -1 + (2 + -6)/4?
2, 71
Let a be -1 - 0/3 - -6. Suppose -150 = -a*x - 25. Suppose 3*p - 20 = x. What are the prime factors of p?
3, 5
Let b(v) = -9*v**3 - 4*v**2 + 5*v + 4. Let n be b(-4). Suppose n = -u + 9*u. Let k = u - 42. List the prime factors of k.
2, 5
Suppose -6*i - 126 = -0*i. Let k = -21 - i. Suppose x = 3*x + 4*u - 90, k = -2*x - u + 75. What are the prime factors of x?
5, 7
Let n(x) = -x**2 - 10*x + 8. Let k be n(-10). Let u be ((-4)/k)/(3/(-36)). Suppose -5*j + 242 = -0*g - 4*g, -u = -3*g. What are the prime factors of j?
2, 5
Let r(b) = -5*b**3 + 6*b**3 - 14*b**2 + 15*b + 15*b - 14 - b**2. What are the prime factors of r(13)?
2, 19
Let o(m) = 50*m**3 - m**2 + 2*m - 1. Let c(f) = -3*f + 3*f + 11 - 2*f. Let w be c(5). List the prime factors of o(w).
2, 5
Suppose 2*o = 8, 8*o + 4688 = 5*k + 10*o. List the prime factors of k.
2, 3, 13
Suppose -31*d - 19*d + 16900 = 0. List the prime factors of d.
2, 13
Suppose 56 = 5*g + 1. Let d = 17 - g. Suppose -d*k + 11*k = 45. What are the prime factors of k?
3
Let m be (-2)/(2/3) - -8. Suppose 0*j - 4*j = 3*b - 228, m*j + 2*b - 278 = 0. What are the prime factors of j?
2, 3
Let k(m) = -73*m - 211. What are the prime factors of k(-50)?
19, 181
Let k be (-6)/(-21) - 2624/(-28). Suppose 22 = 2*o - 4*v, k = 5*o + 2*v + 27. List the prime factors of o.
13
Let q be -15 + 8 + 4/(-1). Let j = 10 - q. What are the prime factors of j?
3, 7
Let z be (-142)/(-12)*3 - 2/(-4). Suppose t - z = 9. List the prime factors of t.
3, 5
Suppose 3*z - 16 = 2*o + 1143, 3*o = 2*z - 766. Suppose 3*g - z = u, 0 = u + 2. List the prime factors of g.
3, 43
Suppose 13*q = 3*q + 20. Suppose y - 4*y - 238 = -q*s, s - 4*y = 119. What are the prime factors of s?
7, 17
Suppose -3429 = -7*r + 19671. What are the prime factors of r?
2, 3, 5, 11
Suppose 1 = -2*l + 11. Suppose l*o = -0*h + h - 2, 10 = 5*h + 2*o. List the prime factors of 1/(-2) - (-43)/h.
3, 7
Let b(s) = -s + 25. Let v = -26 + 32. Suppose -v*l - l = 77. What are the prime factors of b(l)?
2, 3
Let o(f) = -3*f**2 - 38*f - 4. What are the prime factors of o(-9)?
5, 19
Let p be ((-130)/15)/(6/27). What are the prime factors of (-1 - p)*(52/8 - 3)?
7, 19
Suppose 2*v = 3*v + 4. List the prime factors of v + 1 + 4 + 2.
3
Let v = -1826 - -2953. List the prime factors of v.
7, 23
Suppose -5*w = -0*w - 2*s - 4, -5*s + 17 = w. Suppose x - 25 = -2*m + w*x, -3*m - 2*x + 55 = 0. List the prime factors of m.
3, 5
Let d = 10 - -6. Let o = -12 + d. Suppose -6*x = -o*x - 56. List the prime factors of x.
2, 7
Let b be (161/14)/((-1)/(-2)). Suppose -b = 3*m + l, -4*l = -3*m + 5*m + 32. Let z(h) = h**3 + 5*h**2 - 8*h - 8. List the prime factors of z(m).
2
Let o = -506 - -1207. What are the prime factors of o?
701
Let m = 2334 + -1052. List the prime factors of m.
2, 641
Suppose 11*z + 2375 = 7226. What are the prime factors of z?
3, 7
Let v = 667 - 660. Let o(g) = 4*g + 9 - 2 - 2*g. List the prime factors of o(v).
3, 7
Suppose 0*x + 10 = 5*x. Suppose -5*l + 1 = 2*u + x*u, -4*l = 12. Suppose -170 = -u*p - p. What are the prime factors of p?
2, 17
Let x = 2129 - 1270. What are the prime factors of x?
859
Let p = 1100 + -886. What are the prime factors of p?
2, 107
Let a be (14/4)/((-3)/66). Let n = -59 - a. What are the prime factors of n?
2, 3
Suppose -47 = -f + 22. Suppose -4*o = f - 17. Let b = o + 25. What are the prime factors of b?
2, 3
Suppose -4*r = -1201 + 17. Suppose 0 = -4*t + r + 340. What are the prime factors of t?
3, 53
Let c(j) = -58*j**2 - 2*j - 1. Let s(a) = 290*a**2 + 11*a + 6. Let d(w) = -11*c(w) - 2*s(w). What are the prime factors of d(-1)?
3, 19
Let r = 37 - -680. List the prime factors of r.
3, 239
Suppose -3*q = -0 - 3. Let l be (4 - q)/(21/70). Suppose -3*t + 6*t + 27 = 3*v, -2*v - 2*t = -l. List the prime factors of v.
7
Let p be 1*-118*3/(-6). Let k = 25 + p. What are the prime factors of k?
2, 3, 7
Let w be (-3)/(((-60)/152)/5). Let q = w + 6. List the prime factors of q.
2, 11
List the prime factors of 134116/28 + (-25)/(-175).
2, 5, 479
Let l = -52 + 73. What are the prime factors of -1 - (-3 + -2*l)?
2, 11
Let z = 9887 - 4608. What are the prime factors of z?
5279
Suppose -10 - 50 = -2*h. What are the prime factors of h/(-20)*((-1072)/(-3))/(-4)?
2, 67
Suppose -3*p + 2*s = 13, -2*p + 4*s - 7*s = 0. Let n be (37/4)/((-4)/(-32)). What are the prime factors of n + p + (-4)/4?
2, 5, 7
Let y = 19 - 19. Suppose 10*a - 7*a - 399 = y. Let i = a - 79. List the prime factors of i.
2, 3
Let h(w) = -w**3 + 34*w**2 - 25*w + 49. What are the prime factors of h(33)?
313
Suppose -26 = -4*t + 3*t - 3*g, g = -5*t + 102. Let f be 4*1*3/6. Suppose -f*m - j = -19, -4*m + t + 33 = -3*j. What are the prime factors of m?
11
Suppose 4 = -3*z + 19. Let h be 1/(z/60*-2). What are the prime factors of ((-34)/h)/(13/117)?
3, 17
Suppose -3*c - 13 - 41 = 0. Let n be c + (-3)/(1/1). Let q = -13 - n. List the prime factors of q.
2
What are the prime factors of (4002/(-115))/((-493)/(-165) + -3)?
3, 11, 29
Let u be (-4)/12 + 22/3. Let v = 16 - 7. Let o = v + u. What are the prime factors of o?
2
Let r = 44 + -21. Let b = -7 + 12. Suppose -r - 42 = -b*i. What are the prime factors of i?
13
Let b = 15 - 9. Let z = 4 - b. List the prime factors of (54/(-15))/(z/10).
2, 3
Let f = -213 + 410. What are the prim